{"id":1985,"date":"2023-05-30T14:54:23","date_gmt":"2023-05-30T12:54:23","guid":{"rendered":"https:\/\/www.btpsavoie.fr\/?page_id=1985"},"modified":"2023-05-30T16:43:39","modified_gmt":"2023-05-30T14:43:39","slug":"notre-politique","status":"publish","type":"page","link":"https:\/\/www.btpsavoie.fr\/index.php\/notre-politique\/","title":{"rendered":"Notre Politique"},"content":{"rendered":"<p><div class=\"fusion-fullwidth fullwidth-box fusion-builder-row-1 fusion-flex-container has-pattern-background has-mask-background nonhundred-percent-fullwidth non-hundred-percent-height-scrolling\" style=\"--awb-border-sizes-top:0px;--awb-border-sizes-bottom:0px;--awb-border-sizes-left:0px;--awb-border-sizes-right:0px;--awb-border-radius-top-left:0px;--awb-border-radius-top-right:0px;--awb-border-radius-bottom-right:0px;--awb-border-radius-bottom-left:0px;--awb-padding-top:120px;--awb-padding-right:30px;--awb-padding-bottom:20px;--awb-padding-left:30px;--awb-padding-top-medium:60px;--awb-padding-bottom-medium:60px;--awb-padding-top-small:50px;--awb-margin-top:0px;--awb-margin-bottom:0px;--awb-background-color:var(--awb-color1);--awb-flex-wrap:wrap;\" ><div class=\"fusion-builder-row fusion-row fusion-flex-align-items-center fusion-flex-content-wrap\" style=\"max-width:1248px;margin-left: calc(-4% \/ 2 );margin-right: calc(-4% \/ 2 );\"><div class=\"fusion-layout-column fusion_builder_column fusion-builder-column-0 fusion_builder_column_1_2 1_2 fusion-flex-column\" style=\"--awb-bg-size:cover;--awb-width-large:50%;--awb-margin-top-large:0px;--awb-spacing-right-large:5.12%;--awb-margin-bottom-large:0px;--awb-spacing-left-large:3.84%;--awb-width-medium:50%;--awb-spacing-right-medium:5.12%;--awb-spacing-left-medium:3.84%;--awb-width-small:100%;--awb-spacing-right-small:1.92%;--awb-margin-bottom-small:40px;--awb-spacing-left-small:1.92%;\"><div class=\"fusion-column-wrapper fusion-column-has-shadow fusion-flex-justify-content-flex-start fusion-content-layout-column\"><div class=\"fusion-video fusion-selfhosted-video\" style=\"max-width:100%;\"><div class=\"video-wrapper\"><video playsinline=\"true\" width=\"100%\" style=\"object-fit: cover;\" preload=\"auto\" controls=\"1\"><source src=\"https:\/\/www.btpsavoie.fr\/wp-content\/uploads\/2023\/05\/KONBINI-JF-Dastrevigne.mp4\" type=\"video\/mp4\">Sorry, your browser doesn&#039;t support embedded videos.<\/video><\/div><\/div><\/div><\/div><div class=\"fusion-layout-column fusion_builder_column fusion-builder-column-1 fusion_builder_column_1_2 1_2 fusion-flex-column\" style=\"--awb-bg-size:cover;--awb-width-large:50%;--awb-margin-top-large:0px;--awb-spacing-right-large:3.84%;--awb-margin-bottom-large:20px;--awb-spacing-left-large:13.44%;--awb-width-medium:50%;--awb-spacing-right-medium:3.84%;--awb-spacing-left-medium:13.44%;--awb-width-small:100%;--awb-spacing-right-small:1.92%;--awb-margin-bottom-small:0px;--awb-spacing-left-small:1.92%;\"><div class=\"fusion-column-wrapper fusion-column-has-shadow fusion-flex-justify-content-flex-start fusion-content-layout-column\"><div class=\"fusion-text fusion-text-1\"><p style=\"text-align: justify;\">Notre syndicat g\u00e9n\u00e9ral du BTP Savoie, fort de ces <strong>100 adh\u00e9rents<\/strong>, repr\u00e9sente environ <strong>500 millions d\u2019euros de Chiffre d\u2019Affaires<\/strong> et <strong>3000 salari\u00e9s<\/strong> r\u00e9partis sur notre territoire Savoyard. Depuis <strong>1876<\/strong>, le Syndicat G\u00e9n\u00e9ral du BTP Savoie s\u2019appuie sur quatre valeurs fondamentales :<\/p>\n<ol>\n<li style=\"text-align: justify;\"><strong>D\u00c9FENDRE<\/strong> l\u2019ensemble des droits et int\u00e9r\u00eats des entreprises du BTP ;<\/li>\n<li style=\"text-align: justify;\"><strong>F\u00c9D\u00c9RER<\/strong> tous les acteurs des m\u00e9tiers du B\u00e2timent et Travaux Publics ;<\/li>\n<li style=\"text-align: justify;\"><strong>ACCOMPAGNER<\/strong> nos adh\u00e9rents dans le quotidien de l\u2019entreprise en mettant \u00e0 disposition de nombreux services (aide juridique, emploi, formation, r\u00e9seau professionnel\u2026) ;<\/li>\n<li style=\"text-align: justify;\"><strong>PROMOUVOIR<\/strong> les professions de notre secteur et nos savoir-faire aupr\u00e8s de tous les publics.<\/li>\n<\/ol>\n<\/div><\/div><\/div><\/div><\/div><div class=\"fusion-fullwidth fullwidth-box fusion-builder-row-2 fusion-flex-container has-pattern-background has-mask-background nonhundred-percent-fullwidth non-hundred-percent-height-scrolling\" style=\"--awb-border-radius-top-left:0px;--awb-border-radius-top-right:0px;--awb-border-radius-bottom-right:0px;--awb-border-radius-bottom-left:0px;--awb-flex-wrap:wrap;\" ><div class=\"fusion-builder-row fusion-row fusion-flex-align-items-flex-start fusion-flex-content-wrap\" style=\"max-width:1248px;margin-left: calc(-4% \/ 2 );margin-right: calc(-4% \/ 2 );\"><div class=\"fusion-layout-column fusion_builder_column fusion-builder-column-2 fusion_builder_column_1_1 1_1 fusion-flex-column\" style=\"--awb-bg-size:cover;--awb-width-large:100%;--awb-margin-top-large:0px;--awb-spacing-right-large:1.92%;--awb-margin-bottom-large:20px;--awb-spacing-left-large:1.92%;--awb-width-medium:100%;--awb-order-medium:0;--awb-spacing-right-medium:1.92%;--awb-spacing-left-medium:1.92%;--awb-width-small:100%;--awb-order-small:0;--awb-spacing-right-small:1.92%;--awb-spacing-left-small:1.92%;\"><div class=\"fusion-column-wrapper fusion-column-has-shadow fusion-flex-justify-content-flex-start fusion-content-layout-column\"><div class=\"fusion-text fusion-text-2\"><p>Depuis sa cr\u00e9ation, le Syndicat G\u00e9n\u00e9ral du BTP Savoie est un acteur incontournable qui assiste les entreprises du secteur du BTP locales \u00e0 se d\u00e9velopper et \u00e0 prosp\u00e9rer sur le territoire Savoyard.<\/p>\n<p>Pour ce faire, l\u2019ann\u00e9e 2022 a \u00e9t\u00e9 forte en \u00e9v\u00e9nement au Syndicat. Notre service juridique a r\u00e9pondu \u00e0 plus de 540 demandes sur les questions de droit social et droit des march\u00e9s. Nous avons \u00e9galement \u00e9dit\u00e9 pr\u00e8s de plus de 200 circulaires juridiques. Nous avons proc\u00e9d\u00e9 \u00e0 l\u2019organisation du premier salon professionnel \u201cAlpi\u2019b\u00e2t\u201d, et avons poursuivi l\u2019op\u00e9ration \u201cB\u00e2tis tes r\u00eaves\u201d avec la rencontre de plus de 1200 coll\u00e9giens. Une journ\u00e9e pour l\u2019emploi a \u00e9t\u00e9 organis\u00e9e en partenariat avec les Compagnons du Tour de France et P\u00f4le Emploi et la participation de nos adh\u00e9rents, et enfin la cr\u00e9ation de l\u2019\u00e9v\u00e8nement \u201ccaf\u00e9 BTP\u201d depuis novembre 2022.<\/p>\n<p>Tous ces \u00e9v\u00e8nements n\u2019auraient jamais pu \u00eatre aussi bien organis\u00e9s sans l\u2019implication et le professionnalisme de notre nouvelle \u00e9quipe.<br \/>\nLa force de notre Syndicat historique ce sont nos adh\u00e9rents qui par leur implication dans les \u00e9v\u00e8nements et les clubs maintiennent une grande coh\u00e9sion, le tout accompagn\u00e9 par le regard bienveillant de nos anciens.<\/p>\n<p>Nous avons \u00e9galement p\u00e9rennis\u00e9 nos relations de confiance aupr\u00e8s des grands d\u00e9cideurs locaux.<br \/>\nDans un contexte o\u00f9 la p\u00e9nurie de main d&rsquo;\u0153uvre est pr\u00e9gnante, nous avons renforc\u00e9 nos liens avec l\u2019ensemble des acteurs de la formation (Les Compagnons du Tour de France, GRETA, AFPA, Inspection acad\u00e9mique, GEIQ, \u2026). Valoriser la fili\u00e8re du BTP et inspirer de jeunes talents font partie de l\u2019ADN de notre syndicat.<br \/>\nDu c\u00f4t\u00e9 de l\u2019emploi, nous recherchons en permanence une soixantaine de profils. Avec le d\u00e9veloppement de notre nouveau site internet, nous allons dynamiser la recherche de nouveaux talents par la diffusion d&rsquo;offres d\u2019emploi et la mise en place d\u2019une CV th\u00e8que.<\/p>\n<p>Sur le sujet de la d\u00e9carbonation, nous avons soutenu les entreprises adh\u00e9rentes dans leur mode de consommation \u00e9nerg\u00e9tique. Nous participons depuis peu au comit\u00e9 de pilotage Hympulsion, dispositif r\u00e9gional pour le d\u00e9veloppement de l\u2019hydrog\u00e8ne en R\u00e9gion Auvergne Rh\u00f4ne-Alpes et plus sp\u00e9cifiquement sur le d\u00e9partement de la Savoie. Nous avons la particularit\u00e9 d\u2019avoir un nouvel adh\u00e9rent, pr\u00e9curseur sur le sujet qui cr\u00e9e de l\u2019hydrog\u00e8ne avec des produits issus du recyclage.<br \/>\nNous accompagnons les entreprises dans l\u2019urgence de la transition \u00e9cologique en pr\u00e9conisant les formations sur les nouveaux mat\u00e9riaux et de nouvelles pratiques. Nous nous appuierons sur le Plan Vert, mis en place derni\u00e8rement par le gouvernement.<br \/>\nL\u2019ann\u00e9e 2023 sera une ann\u00e9e sensible pour le secteur du BTP. Malgr\u00e9 une baisse d&rsquo;activit\u00e9 g\u00e9n\u00e9rale annonc\u00e9e, la Savoie maintient son dynamisme. Plus de la moiti\u00e9 des carnets de commandes sont remplis et il reste de nombreux projets sur lesquels s\u2019appuyer, par exemple avec notre programmation de travaux annuelle.<br \/>\nL\u2019ensemble des probl\u00e9matiques telles que les co\u00fbts \u00e9nerg\u00e9tiques, l\u2019inflation et la raret\u00e9 et l\u2019augmentation du prix de la main d&rsquo;\u0153uvre aura pour effet de diminuer la marge de nos entreprises et indirectement fragilisera leur sant\u00e9 financi\u00e8re.<br \/>\nNous serons aux c\u00f4t\u00e9s des entreprises pour les aider \u00e0 p\u00e9renniser leurs finances gr\u00e2ce \u00e0 l\u2019ADEF dans le cadre d\u2019audit et de financements. Nos partenariats privil\u00e9gi\u00e9s avec BPIFrance, la DDFIP, le Tribunal de Commerce de Chamb\u00e9ry nous permettront de travailler par anticipation aupr\u00e8s de nos adh\u00e9rents.<br \/>\nNous avons d\u2019ores et d\u00e9j\u00e0 rencontr\u00e9 et alert\u00e9 nos politiques et Monsieur Le Pr\u00e9fet sur cette situation mais croyons en notre capacit\u00e9 et \u00e0 la vitalit\u00e9 de notre Savoie.<br \/>\nSavoyards, Rh\u00f4ne Alpins, Fran\u00e7ais et Europ\u00e9ens, nous sommes le Syndicat G\u00e9n\u00e9ral du BTP Savoie et nos adh\u00e9rents sont notre force.<\/p>\n<\/div><\/div><\/div><\/div><\/div><\/p>\n","protected":false},"excerpt":{"rendered":"","protected":false},"author":214,"featured_media":0,"parent":0,"menu_order":0,"comment_status":"closed","ping_status":"closed","template":"100-width.php","meta":{"_acf_changed":false,"pmpro_default_level":"","footnotes":""},"class_list":["post-1985","page","type-page","status-publish","hentry","pmpro-has-access"],"acf":[],"_links":{"self":[{"href":"https:\/\/www.btpsavoie.fr\/index.php\/wp-json\/wp\/v2\/pages\/1985","targetHints":{"allow":["GET"]}}],"collection":[{"href":"https:\/\/www.btpsavoie.fr\/index.php\/wp-json\/wp\/v2\/pages"}],"about":[{"href":"https:\/\/www.btpsavoie.fr\/index.php\/wp-json\/wp\/v2\/types\/page"}],"author":[{"embeddable":true,"href":"https:\/\/www.btpsavoie.fr\/index.php\/wp-json\/wp\/v2\/users\/214"}],"replies":[{"embeddable":true,"href":"https:\/\/www.btpsavoie.fr\/index.php\/wp-json\/wp\/v2\/comments?post=1985"}],"version-history":[{"count":10,"href":"https:\/\/www.btpsavoie.fr\/index.php\/wp-json\/wp\/v2\/pages\/1985\/revisions"}],"predecessor-version":[{"id":1998,"href":"https:\/\/www.btpsavoie.fr\/index.php\/wp-json\/wp\/v2\/pages\/1985\/revisions\/1998"}],"wp:attachment":[{"href":"https:\/\/www.btpsavoie.fr\/index.php\/wp-json\/wp\/v2\/media?parent=1985"}],"curies":[{"name":"wp","href":"https:\/\/api.w.org\/{rel}","templated":true}]}}